{"id":315,"date":"2017-12-21T13:58:54","date_gmt":"2017-12-21T18:58:54","guid":{"rendered":"http:\/\/vetcoaticook.imacom.qc.ca\/animaux-de-compagnie\/?page_id=315"},"modified":"2018-01-17T16:05:09","modified_gmt":"2018-01-17T21:05:09","slug":"cardiologie","status":"publish","type":"page","link":"https:\/\/vetcoaticook.ca\/animaux-de-compagnie\/cardiologie\/","title":{"rendered":"Cardiologie"},"content":{"rendered":"<div id=\"pl-315\"  class=\"panel-layout\" ><div id=\"pg-315-0\"  class=\"panel-grid panel-has-style\" ><div class=\"panel-row-style panel-row-style-for-315-0\" ><div id=\"pgc-315-0-0\"  class=\"panel-grid-cell\" ><div id=\"panel-315-0-0-0\" class=\"so-panel widget widget_sow-editor panel-first-child panel-last-child\" data-index=\"0\" ><div class=\"panel-widget-style panel-widget-style-for-315-0-0-0\" ><div\n\t\t\t\n\t\t\tclass=\"so-widget-sow-editor so-widget-sow-editor-base\"\n\t\t\t\n\t\t>\n<div class=\"siteorigin-widget-tinymce textwidget\">\n\t<h1 style=\"color: #047fc6;\">Cardiologie<\/h1>\n<p>Les affections cardiaques sont fr\u00e9quentes chez les animaux de compagnie. \u00c0 l\u2019heure actuelle il est possible en m\u00e9decine v\u00e9t\u00e9rinaire de prolonger significativement l\u2019esp\u00e9rance de vie et la qualit\u00e9 de vie des patients cardiaques avec le choix appropri\u00e9 de m\u00e9dicament ou d\u2019intervention. Toutefois un diagnostic pr\u00e9cis est n\u00e9cessaire pour \u00e9tablir le plan de traitement le plus appropri\u00e9 pour un patient.<\/p>\n<p>L\u2019appareil \u00e0 \u00e9chographie cardiaque est un appareil indispensable pour faire des diagnostics cardiaque pr\u00e9cis. L\u2019investigation peut inclure aussi la prise de radiographies thoraciques, la mesure de la pression sanguine et l\u2019\u00e9lectrocardiogramme en plus des examens plus standards comme l\u2019examen physique et les analyses sanguines.<\/p>\n<p>Dre Nathalie Therrien, MV a une pratique de r\u00e9f\u00e9rence en cardiologie depuis 2007 \u00e0 Sherbrooke. Cette pratique se situait Carrefour sant\u00e9 animale avant de d\u00e9m\u00e9nager \u00e0 l\u2019h\u00f4pital v\u00e9t\u00e9rinaire C\u0153ur de Sherbrooke. Dre Therrien est une v\u00e9t\u00e9rinaire g\u00e9n\u00e9raliste passionn\u00e9e par la cardiologie depuis la premi\u00e8re ann\u00e9e d\u2019\u00e9tude en m\u00e9decine v\u00e9t\u00e9rinaire.<\/p>\n<p><strong>La maladie cardiaque chez le chat<\/strong><\/p>\n<p>La maladie cardiaque est souvent difficile \u00e0 diagnostiquer chez le chat. La plupart des chats qui ont une maladie cardiaque ont l'air parfaitement en sant\u00e9 ou encore montrent des signes vagues et non concluants ce qui fait de la maladie cardiaque chez le chat \"le tueur silencieux\".<\/p>\n<p>Une \u00e9tude r\u00e9cente a d\u00e9montr\u00e9 qu'un chat sur six est affect\u00e9 par la cardiomyopathie hypertrophique, la maladie cardiaque la plus commune chez le chat. Le nombre de chats atteints de maladie cardiaque cong\u00e9nitale est aussi relativement \u00e9lev\u00e9. Dans les deux cas, une d\u00e9tection pr\u00e9coce est importante pour planifier les soins et les suivis m\u00e9dicaux dans le but de donner au chat la meilleure qualit\u00e9 de vie et la meilleure long\u00e9vit\u00e9 possibles.<\/p>\n<p>Le diagnostique de la maladie cardiaque f\u00e9line s'obtient \u00e0 l'aide d'une \u00e9chographie. Alors que la radiographie ne permet de voir que la silhouette du coeur \u00e0 un moment pr\u00e9cis (comme une photo d'une ombre chinoise), l'\u00e9chographie permet de voir les cavit\u00e9s du coeur en mouvement car le sang et le muscle cardiaque n'ont pas la m\u00eame densit\u00e9 \u00e9chographique. Il est donc possible de mesurer les parois du coeur, la grosseur des ventricules et des oreillettes et le diam\u00e8tre des gros vaisseaux. L'\u00e9chographie permet aussi de v\u00e9rifier les flux sanguins et leur vitesse, de d\u00e9tecter des flux anormaux et d'\u00e9valuer la force du muscle cardiaque.<\/p>\n<p>La maladie cardiaque devrait toujours \u00eatre suspect\u00e9e chez le chat malade montrant des signes non sp\u00e9cifiques m\u00eame en absence de souffle cardiaque. Elle devrait aussi \u00eatre d\u00e9pist\u00e9e chez les reproducteurs de certaines races plus \u00e0 risque comme le Maine Coon, le Persan, le Bengal et le Ragdoll.<\/p>\n<p>De plus, tous les chats qui pr\u00e9sentent un souffle cardiaque (d\u00e9tect\u00e9 par le v\u00e9t\u00e9rinaire) devraient avoir une \u00e9valuation cardiaque. Les chats plus chanceux auront seulement un souffle physiologique (souffle de croissance qui dispara\u00eet vers 4-5 mois) ou un souffle b\u00e9nin (souffle qui persiste \u00e0 l'\u00e2ge adulte mais qui n'entra\u00eene pas de cons\u00e9quence). Certains chats ont un souffle intermittent qui peut \u00eatre b\u00e9nin ou associ\u00e9 \u00e0 une grave maladie. Seule l'\u00e9chographie cardiaque permet de faire un diagnostique pr\u00e9cis.<\/p>\n<p><strong>Les souffles cardiaques \"innocents\" ou de croissance chez les chatons et les chiots<\/strong><\/p>\n<p>\u00c9tant donn\u00e9 la relative petitesse des deux gros vaisseaux dans lesquels le coeur pousse le sang chez le chiot et le chaton, il y a chez certains une turbulence qui est audible au sth\u00e9toscope et qu'on appelle un souffle cardiaque. Le souffle de croissance va s'estomper \u00e0 mesure que la taille des vaisseaux relativement au coeur va augmenter et il est g\u00e9n\u00e9ralement disparu vers 16 semaines d'\u00e2ge. Les souffles de croissance sont tr\u00e8s fr\u00e9quents et peuvent se trouver chez plusieurs animaux dans une port\u00e9e. En contrepartie les r\u00e9els probl\u00e8mes cardiaques cong\u00e9nitaux sont tr\u00e8s rares.<\/p>\n<h3>Liens int\u00e9ressants<\/h3>\n<table>\n<tbody>\n<tr>\n<td><a style=\"color: #047fc6; font-size: 12px;\" href=\"http:\/\/cardiaceducationgroup.org\/resources\/faqs\/\">http:\/\/cardiaceducationgroup.org\/resources\/faqs\/<\/a><\/td>\n<\/tr>\n<tr>\n<td><a style=\"color: #047fc6; font-size: 12px;\" href=\"http:\/\/www.vetmed.ucdavis.edu\/vmth\/small_animal\/cardio_kittleson\/cases\/\">http:\/\/www.vetmed.ucdavis.edu\/vmth\/small_animal\/cardio_kittleson\/cases\/<\/a><\/td>\n<\/tr>\n<tr>\n<td><a style=\"color: #047fc6; font-size: 12px;\" href=\"http:\/\/www.medvet.umontreal.ca\/departements\/sciences_cliniques\/professeurs\/belanger.htm\">http:\/\/www.medvet.umontreal.ca\/departements\/sciences_cliniques\/professeurs\/belanger.htm<\/a><\/td>\n<\/tr>\n<tr>\n<td><a style=\"color: #047fc6; font-size: 12px;\" href=\"http:\/\/daubigny.ca\/blogue\/la-cardiologie-chez-les-animaux-de-compagnie\/\">http:\/\/daubigny.ca\/blogue\/la-cardiologie-chez-les-animaux-de-compagnie\/<\/a><\/td>\n<\/tr>\n<tr>\n<td><a style=\"color: #047fc6; font-size: 12px;\" href=\"http:\/\/centredmv.com\/ce-que-nous-faisons\/cardiologie\/\">http:\/\/centredmv.com\/ce-que-nous-faisons\/cardiologie\/<\/a><\/td>\n<\/tr>\n<\/tbody>\n<\/table>\n<\/div>\n<\/div><\/div><\/div><\/div><\/div><\/div><\/div>","protected":false},"excerpt":{"rendered":"<p>Cardiologie Les affections cardiaques sont fr\u00e9quentes chez les animaux de compagnie. \u00c0 l\u2019heure actuelle il est possible en m\u00e9decine v\u00e9t\u00e9rinaire de prolonger significativement l\u2019esp\u00e9rance de vie et la qualit\u00e9 de vie des patients cardiaques avec le choix appropri\u00e9 de m\u00e9dicament ou d\u2019intervention. Toutefois un diagnostic pr\u00e9cis est n\u00e9cessaire pour \u00e9tablir le plan de traitement le<a class=\"readmore\" href=\"https:\/\/vetcoaticook.ca\/animaux-de-compagnie\/cardiologie\/\">Read More<\/a><\/p>\n","protected":false},"author":1,"featured_media":0,"parent":0,"menu_order":0,"comment_status":"closed","ping_status":"closed","template":"","meta":{"footnotes":""},"class_list":["post-315","page","type-page","status-publish","hentry"],"_links":{"self":[{"href":"https:\/\/vetcoaticook.ca\/animaux-de-compagnie\/wp-json\/wp\/v2\/pages\/315","targetHints":{"allow":["GET"]}}],"collection":[{"href":"https:\/\/vetcoaticook.ca\/animaux-de-compagnie\/wp-json\/wp\/v2\/pages"}],"about":[{"href":"https:\/\/vetcoaticook.ca\/animaux-de-compagnie\/wp-json\/wp\/v2\/types\/page"}],"author":[{"embeddable":true,"href":"https:\/\/vetcoaticook.ca\/animaux-de-compagnie\/wp-json\/wp\/v2\/users\/1"}],"replies":[{"embeddable":true,"href":"https:\/\/vetcoaticook.ca\/animaux-de-compagnie\/wp-json\/wp\/v2\/comments?post=315"}],"version-history":[{"count":106,"href":"https:\/\/vetcoaticook.ca\/animaux-de-compagnie\/wp-json\/wp\/v2\/pages\/315\/revisions"}],"predecessor-version":[{"id":521,"href":"https:\/\/vetcoaticook.ca\/animaux-de-compagnie\/wp-json\/wp\/v2\/pages\/315\/revisions\/521"}],"wp:attachment":[{"href":"https:\/\/vetcoaticook.ca\/animaux-de-compagnie\/wp-json\/wp\/v2\/media?parent=315"}],"curies":[{"name":"wp","href":"https:\/\/api.w.org\/{rel}","templated":true}]}}